)
57
Evaluate (164 - -19) + -44 + 6 - (7 + -2 + 3).
137
Calculate (-710 - -815) + -4 + -1 + -3.
97
Calculate -23 + (23 - 34 - (-18 - -7)).
-23
Calculate -34 + 8 + -19 - (-3 - (-1 + 0)).
-43
Calculate -425 + 10 + 415 - ((2 - (2 + -2)) + 56).
-58
What is -5 - (9 - 34) - (-42 + 31)?
31
What is the value of (18 - 24) + 57 + -47?
4
What is the value of 887 + -862 + (4 - (3 + 8 + 4)) - -114?
128
What is the value of -56 + (61 - (-48 - -58))?
-5
Calculate (-23 - -32) + -10 - 6 - (0 + 1).
-8
Calculate -10 + (44 - (15 + 3 + -11 + 6)).
21
Calculate 1 + (-1 - -2) + -20 + 23 + 56 - 7.
54
(7 - 17 - 3) + -17 + 10 + 38
18
-11 + -5 - -25 - (-48 - -5) - (3 - -5)
44
(32 - (56 - 47)) + 1 + (-8 + 4 - -1)
21
Calculate 115 - 19 - ((-15 - (-6 - 5)) + 9 + 0).
91
What is (-4 - -68 - 75) + (-3 - 5)?
-19
What is (-9 - -5) + 42 + -97 + 0 + 14?
-45
What is the value of (-8 - -3 - ((69 - -10) + -7)) + (-128 - -136)?
-69
Calculate 6 - (4 - (12 - (2 + (17 - 12)))) - -53.
60
What is the value of 5 + -28 + (33 - -7) - 51?
-34
Evaluate 24 + (32 - 26) + -29.
1
-72 + (-9 + (-1 - 18) - -18) + 19
-63
(4 - -6) + (-96 - -57)
-29
What is 101 + (-29 - (40 + -79)) + 25?
136
Calculate 8 + 10 + -9 + -17 + (29 - 4).
17
What is the value of (-647 - -654) + 4 + -1 + -8 + -11 - 11?
-20
What is the value of -44 + 88 - 41 - (1 + (-13 - -2))?
13
What is 265 - 144 - (205 + 37)?
-121
What is -13 + 71 - (-25 - -107 - 74)?
50
What is 1 - (10 + -6 + 51 - (-26 - -34))?
-46
What is the value of -523 + 520 - ((1 + 0 - 33) + (-26 - -25))?
30
Calculate (-41 - -91 - 40) + -34.
-24
Calculate (-23 - (3 + -3)) + (-318 - -357).
16
68 - (23 + 34) - ((0 - 1) + 4) - 104
-96
What is the value of -2 - (61 - (14 + -16 + 13))?
-52
What is the value of 31 + -6 + (8 - (21 + 4))?
8
Evaluate 61 + 18 + 7 + (-3 - (8 - -1)).
74
Calculate ((-6 - 9 - -48) + 11 - -13) + -10 + -10.
37
What is 18 + (15 + -3 - (27 - 6)) + 4?
13
Calculate 5 + (3 + -6 + -4 - (12 - -3 - -72)).
-89
Evaluate 8 + 9 + -5 - (-62 - -56).
18
What is -8 + (-9 - -7 - -19 - 3) - 6?
0
(5 - -5) + (7 - -1 - (-8 + -7))
33
What is (-18 - (-3 - 10)) + 38?
33
What is 4 + 2 - 158 - (-27 + 4 + 3 + 10)?
-142
What is -116 - ((30 + -6 - 24) + -11)?
-105
Calculate -5 + 2 - (-2 + 1) - (-59 - -21 - 36).
72
What is the value of 3 + (-13 - -48) + -23 + 40?
55
What is (-9 - -64) + -11 + -25 + 55 + (-2 - 10)?
62
What is the value of -9 + 15 + 8 + 10 + (61 - 2)?
83
Evaluate (-55 - (-70 + -33)) + -44.
4
What is the value of (-4 - 12) + (-11 + 15 + -12 - -9)?
-15
(37 + -57 - -18) + -53 + 11
-44
What is the value of 540 + -618 + (4 - -178)?
104
Calculate -27 + 13 + 13 + 9 + (-7 - 24).
-23
(2 - 4) + 8 - (99 + 29 + -122)
0
What is the value of 3 + 9 + -51 + -8 - (6 - 9) - -3?
-41
What is the value of (21 - 3) + 114 + 3 + -38 + 23?
120
What is the value of (-84 - (-7 + 0 - ((63 - 57) + -4))) + 9?
-66
Calculate (-12 + -24 - -21 - -44) + -7.
22
Calculate 25 - (30 + -25 + 3) - -19.
36
What is (-1 - (49 - 2)) + (925 - 932)?
-55
What is the value of 27 - (89 + -92) - (-5 - 2)?
37
What is the value of -28 - -278 - 140 - 234?
-124
Evaluate -1 - (1 + 11) - (85 - (57 + 14)).
-27
What is the value of 47 + -96 + 80 - 31?
0
-1 + -75 + (-26 - ((0 - -24) + -25 - 22))
-79
What is the value of -96 - (-113 + -23 - -16)?
24
(-29 - -81 - 63) + (64 - ((0 - -4) + -8))
57
-18 - -1 - ((-34 - -21) + 20)
-24
Calculate (-1 + (-11 - 7) - -9) + 18 - 4.
4
1 + 12 + -1 + (10 - 18)
4
Evaluate -1 + -2 + (4 - (-128 + 143 - (-3 - -6))).
-11
What is (72 - 14 - 21 - 22) + -11?
4
Calculate 13417 + -13414 + (2 + (2 - -1) + -6 - 6).
-4
Evaluate -1 - (-3 + (74 - (1 - -22))).
-49
Evaluate 25 + 111 + -118 - -88.
106
-22 + (15 - 54) - (2 - (5 - -3) - -2)
-57
Calculate 9 - (-5 + -2 + (20 - 42)).
38
12 - (75 - 2) - -55
-6
(-19 - (-13 + -24)) + 12
30
What is the value of (-4 - -12) + (-3 - (-2 - -3)) - -37?
41
What is (-6 + 5 - -6) + -8 + -538 + 544?
3
What is the value of 0 + 53 + -38 + 41 + -2 - 1?
53
74 - 15 - 15 - 11
33
What is the value of -1 + (-4 + (-1 - 1) - (25 + 65 + -29))?
-68
Evaluate (-12 - -23) + 75 + (51 + -31 - 9).
97
What is the value of (12 - 8 - 49) + 10 - (-9 + -6 + 6)?
-26
Calculate -4 - (31 + (4 - 19)) - -13 - 102.
-109
0 + (25 + -11 - 22) + (3 - 24) - 10
-39
What is (-2 + 2 + 69 - 2) + (44 - -63) + -117?
57
What is the value of 47 + 52 + (-1 - 5) + -9?
84
-7383 + 7389 + (-28 - 1)
-23
(-74 + 2 - (154 + -158)) + -3 + (2 - 4)
-73
What is -189 - -125 - (12 - 71)?
-5
Evaluate 0 - (-4 + 1) - (-1999 - -2019).
-17
Evaluate -37 + (-23 - (-4 - -1) - (278 - 281)).
-54
-12 + -40 - (-3 - 5 - -12 - 6)
-50
What is the value of 105 - 54 - 58 - (-41 + -3 - -2)?
35
What is the value of -640 - -622 - (-44 + -63 - (-6 + 1))?
84
(53 - -26) + (0 - 0 - (-13 + 0))
92
What is the value of -6 + (34 - (11 + 10)) + 2 + -16?
-7
What is 16 + (-20 - (18 + -12 - 18))?
8
-112 + -32 + 155 + 99
110
-2635 + 2584 + (128 - -2)
79
Evaluate -15 + 141 + -159 + 1 + 55.
23
What is the value of -1 + 2 + 8 + (46 - 91 - -56)?
20
Evaluate (-1 - -28) + (-8 - (-3 + 5 + (2 - 9))).
24
What is the value of 21 - (-64 + 77) - (8 + 1) - (-6 - 43)?
48
What is the value of -4 + (10 - (-71 - -36))?
41
What is 96 + (-68 - -28) - 54?
2
Evaluate (-3 - -4) + (152 - 1) + (-24 - (-22 + 9)).
141
What is the value of (65 - 108) + (74 - 28) + (-2 - -2) + -60?
-57
-115 + (17 + -28 - -43) - -20
-63
Calculate -2 + 0 + 0 + 7 - (17 + -32 - -58).
-38
What is the value of (13 - 24) + 32 + -8 - 26 - -85?
72
Evaluate (7 - (11 - -1)) + 9 - (43 - 83).
44
1 + 95 + -16 + -18 + (34 - 4)
92
What is 0 + (122 + 0 - -2) + -326 + 555 + -221?
132
What is the value of 9 + 167 + -152 + 0 + (-2 - (-5 + 4))?
23
24 + -2 + 4 + -27 - (1 - 5)
3
Calculate -10 + 1 - -5 - (-32 - -37 - -33).
-42
(2 - (4 + 0)) + (454 - 434)
18
Evaluate (-2 - (-21 + (13 - 11 - 3 - -10))) + 69.
79
Calculate 25 - ((-1 - 18) + -197 + 172).
69
-3212 + 3219 - (-24 + -1)
32
Evaluate (341 - 332) + 4 + 20.
33
Evaluate -36 - 11 - -15 - 12.
-44
3 - 6 - (-19 + -3 + -32) - (7 + 2)
42
Evaluate 2 + (34 - (-21 - -2 - (21 - (48 + -21)))).
49
What is -2 - (-8 - -19) - -38 - 24?
1
Calculate 5 + -24 + (2312 - 2292).
1
Evaluate (29 - 59) + 39 + -2.
7
Calculate 2 + -29 - (6 - (-4 + 4)).
-33
What is the value of 40 + -36 + 31 - -5?
40
What is 0 - -11 - (-7 - (-165 - -121))?
-26
What is the value of (6 - 4) + -19 - (-1 - -10 - (570 + -553))?
-9
What is the value of 12 + (-14 - (13 + -11)) + 32?
28
2 + 0 + (-16 - -2) + -30 + -1
-43
Calculate 40 + (5 + -4 + -5 + -1 + 7 - -4).
46
Evaluate 9 - -12 - (-65 + -25 + 45).
66
Evaluate 4668 + -4683 - (12 - (1 - (0 - -2))).
-28
What is the value of -33 + (4 - (-6 + -8)) - 8?
-23
Evaluate -13 - (2 - 3) - (133 + -178 + 52).
-19
What is the value of (10 - (-4 + 34 + -12)) + -45 + -6?
-59
What is -12 + (15 - (22 + -10 + 8))?
-17
Evaluate 5 + -2 + 24 + (-3 - 28).
-4
What is -6 + (-33 - -28) - (91 + -19)?
-83
(-66 - 29) + (33 - -6)
-56
Evaluate (11 - 1) + 40 + -30 + -50.
-30
17 - -40 - ((3 - (-5 + 6)) + -4 + -7)
66
-2 - (-5 + -5) - (13 - (-91 - -65))
-31
What is the value of 58 + -9 + -104 + 64?
9
What is 15 - (-19 - (-68 + 47))?
13
What is 150 + (-60 - (65 - 64))?
89
23 - (20 - 87) - 88
2
What is 66 + -15 + -14 + -15 + -132?
-110
-115 - (-6 + 19 + -13 + (2 - (-4 + 10)))
-111
Calculate 2 + (-8 + -3 - -56).
47
Evaluate 51 + -89 + -8 + 21.
-25
What is (31 - (-2 - -4) - (128 + -125)) + -1?
25
Evaluate 6 + -1 + (-103 - (-293 + 85)).
110
(-27 + 12 - -23) + 11 - 9 - -84
94
Evaluate -62 + (325 + -386 - (-25 + -2)).
-96
What is the value of 20 + (-96 - -102) + (-9 - -3)?
20
What is the value of 10 + -9 + (-22 - -12) - (4 - 32)?
19
What is 25 + -6 + (5 - 6) + 19?
37
What is -62 + (17 - (-84 + -89))?
128
What is 31 + -45 + -24 + 43?
5
What is the value of (-48 - -111) + (-1 - 20) + (-24 - -29)?
47
What is the value of 2648 + -2652 + 20 + 4?
20
What is the value of 27 + -12 + 9 + -20 + -14?
-10
What is the value of (-2 - -1) + 17 - (-9 - -154 - 23)?
-106
(6 - 87) + (-368 - -524)
75
What is the value of 58 - (-13 - (-33 + 15 + -11 - (8 + -12)))?
46
What is 7 - 33 - ((44 - 40) + (0 - 1) + -8)?
-21
What is 65 - ((-7 - -3) + -2 - -4) - (45 + -46)?
68
Evaluate -24 + 37 - (-79 + -11 + -28).
131
21 + (-21 - -5 - 20) + 14
-1
What is the value of (-25 + (-26 - -79) - -11) + -23?
16
Evaluate 86 + -13 + -8 + (-5 + 12 - -18).
90
(6